 factor of 119515791 and 6106.
3053
What is the greatest common divisor of 537 and 12996?
3
What is the greatest common divisor of 4723950 and 900?
150
What is the highest common factor of 59408134 and 206?
206
Calculate the greatest common divisor of 3828310 and 950.
190
What is the highest common divisor of 123664 and 23450048?
2096
What is the highest common factor of 16396842 and 1722?
42
What is the greatest common divisor of 101984447 and 1111?
101
Calculate the greatest common factor of 261493 and 9744.
29
Calculate the highest common divisor of 182 and 229800389.
91
What is the highest common divisor of 341366 and 66010?
1886
Calculate the greatest common factor of 4900 and 2925.
25
Calculate the highest common divisor of 9168 and 467328.
48
Calculate the highest common factor of 224 and 363664.
112
What is the greatest common factor of 292028583 and 2891?
2891
Calculate the highest common factor of 93310 and 29669914.
2666
What is the highest common divisor of 126939225 and 18060?
4515
Calculate the highest common divisor of 3087 and 18754211.
343
Calculate the greatest common divisor of 126 and 116936892.
18
What is the greatest common factor of 13918588 and 368?
92
What is the highest common factor of 262297 and 6762?
49
What is the greatest common factor of 6386709 and 1889?
1889
What is the highest common divisor of 26797515 and 105?
15
What is the greatest common divisor of 3357269 and 527?
31
Calculate the greatest common factor of 29115437 and 13.
13
Calculate the highest common factor of 101804 and 2969557.
821
What is the greatest common divisor of 341 and 80643679?
31
Calculate the highest common factor of 1494 and 15457090.
166
What is the greatest common divisor of 310758 and 5082?
42
What is the highest common factor of 116647 and 16?
1
What is the highest common factor of 121486 and 242098?
874
What is the greatest common divisor of 1660 and 39830953?
83
What is the highest common divisor of 103024804 and 268596?
3316
Calculate the greatest common factor of 196 and 3812004.
196
Calculate the greatest common divisor of 410573384 and 6266.
6266
Calculate the highest common divisor of 2142876 and 30288.
7572
What is the highest common divisor of 179427819 and 761?
761
Calculate the highest common divisor of 139807993 and 26.
13
Calculate the greatest common factor of 16 and 424388624.
16
What is the highest common divisor of 5540172 and 248254?
1786
Calculate the greatest common divisor of 17394040 and 1940.
1940
Calculate the highest common factor of 920 and 63184220.
460
Calculate the highest common factor of 28912290 and 330.
330
Calculate the greatest common factor of 25558756 and 83204.
7564
What is the highest common factor of 150 and 632895?
15
Calculate the highest common divisor of 131278840 and 280.
280
What is the highest common divisor of 160 and 11224864?
32
Calculate the highest common factor of 462492 and 2244681.
3987
Calculate the greatest common factor of 61696764 and 69.
69
What is the highest common factor of 276 and 13839192?
276
Calculate the highest common factor of 70815924 and 2268.
108
What is the greatest common divisor of 9964410 and 60?
30
Calculate the highest common factor of 81580399 and 865.
173
What is the greatest common divisor of 513 and 835574913?
513
What is the greatest common factor of 10406175 and 507?
507
Calculate the highest common factor of 3056 and 961817936.
3056
Calculate the greatest common factor of 324815 and 1882760.
1945
What is the highest common factor of 647626345 and 11085?
3695
Calculate the greatest common factor of 6958969 and 415.
83
Calculate the greatest common divisor of 114 and 625178394.
114
What is the greatest common factor of 9272 and 34434256?
488
What is the highest common divisor of 12945311 and 4287?
1429
What is the greatest common factor of 173298 and 14674263?
5097
What is the greatest common divisor of 550304 and 5110496?
928
What is the greatest common divisor of 10809795 and 15?
15
What is the greatest common divisor of 117096 and 438088?
56
Calculate the highest common factor of 44 and 1090441.
11
What is the greatest common factor of 23751364 and 7774?
598
What is the highest common divisor of 23010646 and 237?
79
What is the greatest common divisor of 304 and 10577872?
16
Calculate the highest common factor of 3320 and 351283390.
830
Calculate the highest common divisor of 2084159 and 2464.
77
Calculate the highest common divisor of 332415 and 112585.
445
What is the highest common divisor of 7982685 and 26535?
435
Calculate the highest common divisor of 160 and 260430.
10
Calculate the highest common divisor of 7348237 and 156.
13
What is the greatest common divisor of 5520 and 176571?
69
Calculate the highest common divisor of 108961097 and 89999.
6923
Calculate the greatest common factor of 2438 and 486646.
106
What is the highest common divisor of 580965 and 155199?
33
What is the highest common divisor of 449728 and 2688?
64
Calculate the greatest common factor of 31878 and 36365714.
3542
What is the greatest common divisor of 978 and 80284346?
326
Calculate the greatest common divisor of 246 and 890602.
82
What is the highest common divisor of 11382661 and 61?
61
What is the highest common divisor of 17946240 and 160?
160
Calculate the highest common divisor of 4008 and 168264524.
668
Calculate the highest common factor of 2220 and 559224660.
2220
Calculate the highest common divisor of 41523164 and 141577.
4567
What is the highest common divisor of 17712 and 20828?
164
What is the greatest common divisor of 51080 and 359640?
40
Calculate the greatest common divisor of 6410275 and 825.
25
What is the greatest common divisor of 959352 and 74976?
1704
Calculate the greatest common divisor of 309 and 434840044.
103
What is the greatest common divisor of 112320 and 937521?
351
Calculate the greatest common factor of 40 and 41360120.
40
Calculate the greatest common divisor of 33810 and 88320.
690
What is the highest common divisor of 1555678268 and 788?
788
Calculate the highest common divisor of 113162 and 1660988.
1918
What is the highest common factor of 26097565 and 10?
5
What is the highest common divisor of 76603200 and 2760?
120
Calculate the highest common divisor of 9180 and 482085.
135
What is the highest common factor of 17212 and 1927709576?
17212
Calculate the greatest common factor of 8704 and 1739104.
32
What is the highest common divisor of 405264 and 264?
24
What is the greatest common divisor of 22278835 and 115?
115
What is the greatest common divisor of 3722311 and 5304769?
2719
Calculate the highest common factor of 275 and 213411.
11
Calculate the greatest common factor of 4250 and 861475.
425
What is the highest common divisor of 368 and 49635104?
368
What is the greatest common divisor of 4124531 and 16663?
877
Calculate the highest common divisor of 268000 and 137216.
2144
Calculate the greatest common factor of 110943 and 30870.
63
What is the highest common divisor of 220669 and 161429?
1481
What is the greatest common divisor of 2673363 and 3696?
231
What is the highest common divisor of 1442 and 40568507?
721
What is the highest common factor of 208 and 18208840?
104
Calculate the highest common factor of 791 and 9019999.
113
What is the highest common factor of 7 and 13237210?
7
Calculate the highest common divisor of 180356 and 24594.
8198
What is the greatest common factor of 58560 and 28074?
6
Calculate the greatest common factor of 240 and 8513360.
80
Calculate the highest common divisor of 166838 and 8330.
238
What is the highest common factor of 25054282 and 110?
22
Calculate the highest common factor of 232163 and 895.
179
What is the greatest common factor of 130709 and 20539?
23
Calculate the greatest common factor of 1192636650 and 1178.
1178
What is the greatest common factor of 1359 and 502788324?
453
What is the greatest common factor of 663680500 and 1225?
1225
Calculate the highest common factor of 7717072 and 121319.
2959
Calculate the greatest common divisor of 1943 and 1403449.
67
Calculate the greatest common divisor of 1851345 and 9675.
45
What is the greatest common factor of 7651 and 70574?
7
Calculate the greatest common factor of 60677443 and 3093.
1031
Calculate the greatest common